{"id":17474,"date":"2022-07-28T09:01:41","date_gmt":"2022-07-28T09:01:41","guid":{"rendered":"\/?post_type=product&#038;p=17474"},"modified":"2025-02-21T06:55:44","modified_gmt":"2025-02-21T06:55:44","slug":"3m-plastic-barrier-%e5%a4%8d%e5%88%b6","status":"publish","type":"product","link":"https:\/\/www.geeliansafety.com\/?product=3m-plastic-barrier-%e5%a4%8d%e5%88%b6","title":{"rendered":"Steel Expanding Barrier"},"content":{"rendered":"<div class=\"vgblk-rw-wrapper limit-wrapper\"><div style=\"width: 1260px;\" class=\"wp-video\"><!--[if lt IE 9]><script>document.createElement('video');<\/script><![endif]-->\n<video class=\"wp-video-shortcode\" id=\"video-17474-1\" width=\"1260\" height=\"709\" preload=\"metadata\" controls=\"controls\"><source type=\"video\/mp4\" src=\"\/wp-content\/uploads\/2022\/07\/\u4f38\u7f29\u56f4\u680f.mp4?_=1\" \/><a href=\"\/wp-content\/uploads\/2022\/07\/\u4f38\u7f29\u56f4\u680f.mp4\">\/wp-content\/uploads\/2022\/07\/\u4f38\u7f29\u56f4\u680f.mp4<\/a><\/video><\/div><\/p>\n<table width=\"566\">\n<tbody>\n<tr>\n<td width=\"151\">Color<\/td>\n<td width=\"415\">Red, White, Yellow, Black, etc.<\/td>\n<\/tr>\n<tr>\n<td>Fold Length<\/td>\n<td>L490\u00d7W460\u00d7H1720<\/td>\n<\/tr>\n<tr>\n<td>Expand Length<\/td>\n<td>L2500\u00d7W460\u00d7H1720<\/td>\n<\/tr>\n<tr>\n<td>Height<\/td>\n<td>1720mm.<\/td>\n<\/tr>\n<tr>\n<td>Material<\/td>\n<td>Full steel or Aluminum&amp;steel<\/td>\n<\/tr>\n<tr>\n<td>Weight<\/td>\n<td>25kgs<\/td>\n<\/tr>\n<tr>\n<td>Packing<\/td>\n<td>Fiberboard carton (250x1720x80mm) with bubbles.<\/td>\n<\/tr>\n<\/tbody>\n<\/table>\n<p>What are the details of our <strong>Plastic Barrier<\/strong>?<\/p>\n<p>1.Various combination colors, high visibility, like Yellow\/Red\/White\/Blue\/Orange, or customized;<br \/>\n2.The color are very attractive in the day and night, the reflective strip\/film will reflect to catch the attention of the drivers.<br \/>\n3. Unlocked or locked mode configurations prevents unauthorised dismantling<br \/>\n4.The bases can be adjusted 360\u00b0<br \/>\n5. Mainly used in the crossing of the roads and toll station to warn the drivers, and reduce the accidents.<br \/>\n6. Interlock design, interlocked one by one.<br \/>\n7 Can accept warning signs and contractor information boards<br \/>\n8. Light simple,can be any combination,any move.<br \/>\n9. Be widely used in a varity of indoor,exhibition,menchanicial maintenance,workshop,large indoor activities,large outdoor activities.<\/p><\/div>\n<p><!-- .vgblk-rw-wrapper --><\/p>\n","protected":false},"excerpt":{"rendered":"<p>Color Red, White, Yellow, Black, etc. Fold Length L490\u00d7W460\u00d7H1720 Expand Length L2500\u00d7W460\u00d7H1720 Height 1720mm. Material Full steel or Aluminum&amp;steel Weight 25kgs Packing Fiberboard carton (250x1720x80mm) with bubbles. What are the details of our Plastic Barrier? 1.Various combination colors, high visibility, like Yellow\/Red\/White\/Blue\/Orange, or customized; 2.The color are very attractive in the day and night, the&#8230;<\/p>\n","protected":false},"featured_media":18138,"comment_status":"open","ping_status":"closed","template":"","meta":{"inline_featured_image":false},"product_cat":[118,87,97],"product_tag":[],"class_list":{"0":"post-17474","1":"product","2":"type-product","3":"status-publish","4":"has-post-thumbnail","6":"product_cat-road-facilities-p","7":"product_cat-road","8":"product_cat-expanding-barrier","10":"first","11":"instock","12":"shipping-taxable","13":"purchasable","14":"product-type-simple"},"_links":{"self":[{"href":"https:\/\/www.geeliansafety.com\/index.php?rest_route=\/wp\/v2\/product\/17474","targetHints":{"allow":["GET"]}}],"collection":[{"href":"https:\/\/www.geeliansafety.com\/index.php?rest_route=\/wp\/v2\/product"}],"about":[{"href":"https:\/\/www.geeliansafety.com\/index.php?rest_route=\/wp\/v2\/types\/product"}],"replies":[{"embeddable":true,"href":"https:\/\/www.geeliansafety.com\/index.php?rest_route=%2Fwp%2Fv2%2Fcomments&post=17474"}],"wp:featuredmedia":[{"embeddable":true,"href":"https:\/\/www.geeliansafety.com\/index.php?rest_route=\/wp\/v2\/media\/18138"}],"wp:attachment":[{"href":"https:\/\/www.geeliansafety.com\/index.php?rest_route=%2Fwp%2Fv2%2Fmedia&parent=17474"}],"wp:term":[{"taxonomy":"product_cat","embeddable":true,"href":"https:\/\/www.geeliansafety.com\/index.php?rest_route=%2Fwp%2Fv2%2Fproduct_cat&post=17474"},{"taxonomy":"product_tag","embeddable":true,"href":"https:\/\/www.geeliansafety.com\/index.php?rest_route=%2Fwp%2Fv2%2Fproduct_tag&post=17474"}],"curies":[{"name":"wp","href":"https:\/\/api.w.org\/{rel}","templated":true}]}}